
14
What is the value of (-12 - (1 + 3)) + 4?
-12
Evaluate 1 - 3 - (-79 - -84).
-7
0 + 2 + 14 + -5
11
Calculate (16 - 1) + -53 + 104 + -86.
-20
Evaluate -13 + 30 + 61 + -86.
-8
Calculate 0 + 41 + -17 + -6.
18
What is the value of 2 + -2 - (67 - 61 - (5 + 1))?
0
Evaluate (-3 - 2 - -15) + (1 - -1) + 1.
13
Evaluate -4 + -6 + (12 - 2) + 0 + -4.
-4
What is (19 + -1 - (-1 + 44)) + 2?
-23
What is the value of -23 + 2 + -22 + 21?
-22
What is 1 + (-26 + 8 - -8) + 6?
-3
What is the value of 4 + (-3 - 7 - -13 - 3)?
4
Evaluate 9 - ((1 - 8) + 143 + -143).
16
What is the value of -3 - (-2 + 2) - (-6 + -8 + -12)?
23
Evaluate -37 + -1 + (3 - (1 + -6)).
-30
What is -57 - -51 - (6 + 9)?
-21
11 - 14 - (4 - 0) - (-6 + 3)
-4
Evaluate -11 + 5 + (-7 + 13 - -7 - 8).
-1
(15 + (-5 - 8) - 2) + 16
16
What is -25 + (35 - 17 - 5)?
-12
What is -13 + (2 + 11 + -22 - -12) + 10?
0
What is (-13 - -8 - 3 - -6) + -7?
-9
Evaluate -2 + 7 + 11 + (-10 - 0).
6
What is the value of 12 - (-2 + (-1 + 6 + -12 - -1))?
20
Evaluate -2 - 3 - (-54 + 44).
5
13 + 0 + (9 - -4) + -12 + -6
8
Calculate (-21 + -10 - 6) + 41.
4
What is 17 - (44 - (91 - 32))?
32
What is -2 - (-1 + -5 - (18 + -33 + 30))?
19
Evaluate 11 + (-8 - (15 + -13)).
1
What is (-13 - (-15 - 12)) + 23?
37
4 + 4 + -28 + 14 - (0 + 7)
-13
What is the value of 0 - (-10 + 13 - 10)?
7
(0 - 7) + -36 + (-5 - -34)
-14
Evaluate (-2 - -2) + (14 - 16 - -10).
8
What is -17 - (6 - 7 - 10)?
-6
Calculate (40 + -34 + (-4 - 0) - 10) + 20.
12
What is the value of (2 + -13 - (-4 + (-15 - -14))) + -10?
-16
Calculate -9 + -12 + (40 + 1 - (-60 + 50)).
30
Calculate -173 + 155 - (-5 + 1).
-14
What is the value of 1 + (5 - 7 - (-7 - -1))?
5
63 + -42 - (24 + 5)
-8
(826 - 820) + (-10 - 1)
-5
Calculate 15 + -15 + -5 + (-16 - -21).
0
What is 11 + (-12 - 5) + 3 + 1 - -16?
14
What is 8 - (-5 - -8) - (1 - 17)?
21
What is the value of -20 - (12 + (-38 - -4) + 12)?
-10
What is the value of (29 - 68 - -6) + 54?
21
What is 5 + 8 + -10 + 5?
8
What is 7 + -10 + (32 - 8) + (3 - -2)?
26
Evaluate -5 + (-12 - (-12 + -1)) + (1 - 4).
-7
5 + 2 + (8 - (-3 + 16)) + 0
2
Evaluate -333 + 302 - (-12 + -1 + 1).
-19
-6 + -5 + 3 + 26 + -8
10
What is -5 - (-23 + 7) - -1?
12
-1 + -13 + 5 + 9 + -5
-5
Evaluate (-15 - (13 - 9) - -9) + 24.
14
Calculate 509 + -506 + (2 - 0) + -5.
0
What is -156 + 157 + 1 + -24?
-22
What is the value of -11 - (-16 + (-10 - -7)) - (17 + 1)?
-10
Evaluate (9 - ((45 - 3) + 2 + 1)) + 4.
-32
What is -21 - (-15 + -2 + 2)?
-6
What is 97 + -128 + (49 - -1)?
19
What is (-11 - (11 + -2 + 2 + -9)) + 4?
-9
What is 33 + (3 + (-3 - 3) - 11)?
19
Calculate (-11 - (1 - (-1 - -6))) + 4 + -6.
-9
Evaluate (70 - 89) + -5 + 62.
38
-11 + 30 + (18 - 23)
14
Calculate 4 + -14 - (12 + -13 + 19 + -14).
-14
Calculate -8 + (45 - (2 - (3 + -8) - -4)).
26
119 + -97 - (2 + 12)
8
What is the value of 17 - (-18 - (17 + -43))?
9
Calculate 31 + -24 - (-14 + -1 + -1).
23
12 + 12 - 61 - (0 + -16 - -4)
-25
Calculate (-9 - (5 + -18)) + (-2 - 0).
2
What is 10 + (-5 + 1 - (5 + -8) - -2)?
11
Evaluate 15 + (8 - 4 - 13).
6
What is the value of 4 + -8 + 24 - (-17 + 24 + -9)?
22
What is (-9 - -13 - 8 - 5) + 6?
-3
395 + -421 - (-22 + -2)
-2
Evaluate 3 + -4 + 1 + (18 - 10).
8
What is 12 + -32 + -1 + (183 - 187)?
-25
Calculate -4 + 3 + 0 + -2 + -1.
-4
-7 + 1 - (-302 - -284)
12
What is (32 + 11 - 17) + -38?
-12
Calculate 1 - (44 - -2) - (-210 - -195).
-30
What is (-24 - -6 - -3) + -2?
-17
What is the value of -20 - (11 + -7 - 6 - (6 - 7))?
-19
Evaluate -1 - -6 - (14 + -2 + 1).
-8
3 + -2 + 2 + (76 - 94)
-15
12 + (-6 - 4) - 1 - -9
10
Calculate 15 + -1 + -15 + 6 - 12.
-7
What is the value of -18 + (2 - 2) - -8?
-10
Calculate 5 + 5 + -43 - (-10 - 1).
-22
What is (2 - 13) + (15 + -16 - -35)?
23
Evaluate 0 + (6 - (2 + 8 + -6)).
2
0 + 6 + -4 + 0 + 12
14
What is the value of 15 - (14 - (8 - -2) - 11 - -8)?
14
-18 - (-3 - 0 - 14)
-1
What is the value of (1 + (-4 - -7) - 8) + -2?
-6
What is (4 - (-5 - -4)) + -4 - (-11 - -10)?
2
Calculate 23 - 2 - ((-12 - -8) + 5 + 3).
17
Evaluate 6 - ((-13 - -33) + -4 + -12).
2
9 - (-4 - -5) - (-6 - (11 - 16))
9
16 + (-20 - -8) + 6 - -1
11
Calculate -3 + 11 + (-4 - (-13 - (-7 + 4))).
14
What is 13 + -49 + 27 - 4?
-13
Calculate 22 + -2 + (18 + -11 - 15) + -9.
3
Evaluate (14 - 12) + 3 + 3 + -5.
3
Evaluate -3 - (53 - 55 - (-5 - -1)).
-5
9 + (1 - (-2 - (2 - 6)))
8
What is -8 + (-17 + 5 - -3 - (-4 + 6))?
-19
Evaluate 1 - 1 - -4 - (210 - 216).
10
Calculate -5 + 5 + -7 - (27 - 13).
-21
-10 + 12 + -4 + -14
-16
What is 2 + -6 - 4 - (0 - 17)?
9
Calculate 8 - 5 - (6 - (-6 + 6 - 8)).
-11
What is the value of -2 + 1 + 7 - (-8 - (7 + -4))?
17
What is -2 + 18 + -10 + -3 + -5?
-2
Evaluate 14 - (-6 + -3 + (-17 - -10)).
30
What is 1 - (4 - (-8 - (-8 - 14)))?
11
Evaluate -5 - (33 + -26 - (1 + (1 - 2))).
-12
Evaluate -167 + 179 - (-3 + 0 - (-25 - -6)).
-4
What is the value of -35 + (-4 - (-38 + 17)) + 3?
-15
(70 - 136) + 64 + (-1 - 0)
-3
Calculate -6 - (-39 - (9 - 12 - 8)).
22
What is the value of 9 - ((-48 - -24) + 19)?
14
Evaluate -114 - -107 - (-7 - 4).
4
Evaluate 47 - ((37 - 34) + 28).
16
What is 7 + -10 - (-19 - (0 + -9) - -24)?
-17
What is -13 + (-38 - -62) - (-5 - -1)?
15
What is 808 + -790 + (-20 - -1)?
-1
What is the value of -15 + -2 + 4 + (234 - 239) + -10?
-28
What is -6 + 14 + (14 - 12)?
10
What is the value of 103 + -113 + (-1 - 0) + 3?
-8
Calculate -17 - (-1 - 37) - 33.
-12
(1 + 4 - 16) + (-10 - -8)
-13
Calculate (-108 - -91) + 16 + -1.
-2
What is -34 + 26 + 32 - -1?
25
What is the value of 11 - (10 + -9) - 9?
1
What is 24 + (-4 - (-6 + 12))?
14
What is 521 - 548 - (-51 + 1)?
23
Evaluate (-1 - -26) + (9 - -14) + (8 - 38).
18
What is 10 - 18 - (7 - (4 + -6))?
-17
What is the value of -13 + 16 + -9 + 9?
3
Evaluate 14 + -3 + -17 + (-3 - -5 - -15).
11
-7 - ((10 - (-8 - -17)) + 4)
-12
What is the value of -21 + (17 - -13) - 4?
5
What is the value of 1 + 39 + -32 + -21 + -1?
-14
Calculate (4 - (1 + 6 + (4 - 3))) + 8.
4
Calculate -15 + 9 - -12 - 12.
-6
Calculate 11 - (25 + -23) - 5.
4
What is the value of 7 + ((0 - -2) + 16 + -15 - 2)?
8
Evaluate -9 + -10 + 3 + (16 - 11) + 9.
-2
Evaluate (2 - 31) + 141 + -79.
33
Evaluate 0 + 7 + 160 + -164 - -15.
18
Evaluate 3 + 29 + -16 + 6.
22
What is the value of 36 + -33 - (-3 - (-5 + -9))?
-8
Calculate (-2 - 0) + (7 - (31 - 18)).
-8
What is the value of -5 + 5 - (5 + -1 + -13)?
9
What is the value of 2 + -2 - (30 - (-30 - -25))?
-35
(-21 - 12) + 18 + 36
21
What is -74 + -19 + 79 + -22?
-36
What is (-13 - (10 - 17)) + 26?
20
What is -641 + 642 + (-34 - -1)?
-32
(-22 - -14) + 2 + (-2 - -7)
-1
Calculate 17 - 7 - (2 + 3).
5
What is the value of -5 + (-10 - (4 + 2 - 21))?
0
Calculate -2 + 8 - (-95 - -112).
-11
What is the value of -2 + 0 - ((7 - (1 - -2)) + -9)?
3
14 + (19 - 27 - (-1 - (-4 + 15)))
18
Calculate 20 + -16 + -14 + 1 + 3 + -2.
-8
What is the value of 1 + (8 - -1) + (-57 - -47)?
0
Evaluate (-43 - -50) + (7 - (-3 + 5)).
12
(16 + -11 - -6) + -18
-7
What is -9 - (-17 - -11) - -2?
-1
Evaluate -28 - (-5 - (0 + 0)) - 1.
-24
What is 8 + -1 + 1 - -7?
15
-16 + -51 + 46 + 7 + -2
-16
What is the value of 11 + (-15 - (-13 - -22 - 12))?
-1
What is 7 + 0 - (-18 + 27)?
-2
What is the value of -31 + (-7 - -12) + 9?
-17
What is the value of -10 + (12 - (-8 + 16)) - (-3 - 10)?
7
What is the value of -7 + -10 + 12 + 2?
-3
Evaluate (-10 - -3) + (5 - (5 - -2)) - -2.
-7
What is 0 + 2 - 1 - (16 + 34 + -44)?
-5
1 + 1 - (-137 - -152)
-13
Evaluate (-1 - -10) + 2 + (-7 - (37 - 50)).
17
Evaluate (16 - -2) + -14 - (-1 + 9).
-4
What is -6 + -15 + 35 + -12?
2
-20 - (-17 + 4) - -30
23
What is the value of (-4 - (0 - -8)) + 7?
-5
What is the value of (-6 - (34 + -32)) + (1 - (-2 - 0))?
-5
What is the value of 10 + -1 + -52 + 45 - -11?
13
What is 14 + (-9 - -2) - (-4 + 1 - -22)?
-12
Evaluate 2 - 47 - (180 - 244).
19
5 - (12 + -13 + -2)
8
Evaluate -23 + -9 + -2 + 9.
-25
Calculate (-8 - (9 + 2 + -11)) + 4.
-4
What is 116 + -113 - (-11 - 1)?
15
-43 + 38 + 2 + 1 + 3 + -1
0
Evaluate -10 + 7 + -17 + (17 - 7).
-10
What is the value of -11 - (5 + 5 + -6 + 2)?
-17
Calculate 12 + 36 - 19 - 37.
-8
What is the value of 2 + (-2 - -1) + -350 + 340?
-9
Evaluate 7 + (-2 + -5 - -1 - -11).
12
37 + -15 + -34 + 13
1
Evaluate -503 + 507 + (1 - 2) + -12.
-9
Calculate (10 - (5 - -2)) + -43 + 14.
-26
30 - (-